 -d + 7 = -n + 3*d. What is the units digit of n?
9
Let q(o) = o**3 + 18*o**2 - 29*o + 6. What is the tens digit of q(-19)?
9
Let f(o) = o**2 - 3*o + 4. Let k be f(3). Suppose k + 16 = 4*b. Suppose r - 15 = -b*m, -4*m = m - r - 25. What is the units digit of m?
4
What is the tens digit of 23/(2/4 + 0)?
4
Suppose 41 = 5*r - 364. What is the units digit of r?
1
Let c be ((-1)/(-1))/(2 + -1). Suppose 4*y = -3*v + 8*y + 47, 3*v - y - 41 = 0. Let s = v + c. What is the units digit of s?
4
What is the tens digit of 3346/42 + (-2)/3?
7
Let n be -3 - -76 - 1 - 3. Suppose 5*q = 2*p + p - n, -3*p + q + 81 = 0. What is the units digit of p?
8
What is the units digit of 1*3 - (5 - 38)?
6
What is the tens digit of (3 + -4)*(-44)/(-1 + 5)?
1
Suppose 6 = -2*a, -3 = -2*l - 5*a + 14. Suppose 0 = 3*i + 5*h - 11, 3*i + 5*h = h + l. What is the units digit of ((-3)/4)/((-3)/i)?
3
Suppose 4*f - 5*u - 88 = 0, 147 = 3*f + 2*f + 3*u. Suppose 2*k - 11 = f. What is the units digit of k?
9
What is the units digit of (-4)/((-164)/52 + 3)?
6
Let s(d) = -d - 1. Let b(t) = -7*t + 1. Let a(k) = b(k) - 3*s(k). What is the units digit of a(-3)?
6
Let d(r) = -r**2 + 2 - r + r**3 + 3*r - 3*r**2. What is the tens digit of d(4)?
1
Let u(n) = -n + 3. Let j be u(-4). Let a = -3 + j. What is the units digit of a?
4
Let x(c) be the third derivative of c**4/24 + 5*c**3/6 - c**2. What is the units digit of x(5)?
0
Suppose 0*s + 8 = -s. Let z = s + 12. Suppose -37 = -z*q + 15. What is the units digit of q?
3
Let d(j) = -2*j - 13. Let m be d(-9). Suppose 2*k - t - 84 = t, -5*t + 260 = m*k. What is the tens digit of k?
4
Suppose 5*v - d - 4*d = 15, -12 = -4*v + 5*d. What is the units digit of v?
3
Let h be 10/(-14) - 4/14. Let j(y) = -y. Let q(o) = 11*o - 1. Let a(p) = -4*j(p) - q(p). What is the units digit of a(h)?
8
Let u = 101 + -51. What is the tens digit of u?
5
Let u be (-12)/(-2)*16/(-24). What is the units digit of -20*1*2/u?
0
Suppose -5*y + 26 = -14. Suppose -2*x + 18 = -4*k, -x - k + 21 = 3*k. Let h = x - y. What is the units digit of h?
5
Suppose -2*y = 5*u - 22, -3*y + 16 = 4*u - 3. What is the units digit of (-3)/6 - (-22)/u?
5
Let f(b) = -b + 0 + 0 - 4 + 1 + b**2. Let p be f(0). What is the tens digit of (3 + p)/(-1) - -15?
1
Let q = 3 + -3. Suppose 2*c = 6*c - 5*l - 20, -l = q. Suppose c*a + 10 = 25. What is the units digit of a?
3
Suppose -4*t + 5 = 3*x, 2*t = 6*t + 2*x - 2. Let n be t*10 - (-1 - -1). What is the units digit of (-1)/(n/(-6) + -2)?
3
Let y(l) = 14*l - 1. Let u be y(1). Let z(k) = k**3 - 14*k**2 + 12*k + 16. What is the units digit of z(u)?
3
Suppose -15 = q - 14. What is the units digit of (3 + -8)/(q + 0)?
5
Suppose -4*a - 8 - 10 = 2*x, 5*a = -3*x - 24. Let z = 0 - x. What is the units digit of z?
3
Let d(r) = r**2 + 23*r + 26. What is the units digit of d(-24)?
0
Let t(m) = 2*m - 31. Let j(b) = -b + 15. Let p(r) = -7*j(r) - 3*t(r). What is the units digit of p(14)?
2
Suppose 2*n - 3*i - 1 = -2*i, i - 20 = -5*n. Let o = -36 - -56. Suppose n*s + s = o. What is the units digit of s?
5
Let z = 8 - 5. What is the units digit of z + (0/(-3))/(-1)?
3
Suppose 4*g + 5*p = 5*g + 10, 40 = 4*g - 4*p. What is the tens digit of g?
1
Let x(g) = -g + 15. Let r = 9 + 3. What is the units digit of x(r)?
3
Let y(s) = -24 + 0*s + 19 - s. Suppose a + 3*b = -2, -5*a - 3*b - 7 = 27. What is the units digit of y(a)?
3
Let h = -218 + 423. What is the hundreds digit of h?
2
Suppose -5*m = -a + 5*a - 11, 4*m + 5*a - 16 = 0. Let p = 4 - m. What is the units digit of p?
5
Let y = -6 + 1. Let x(s) = 6*s**3 - s**2 + 3*s - 4. Let c(t) = 5*t**3 - t**2 + 4*t - 5. Let i(z) = y*x(z) + 4*c(z). What is the tens digit of i(-1)?
1
What is the tens digit of -20*((-5)/(-2) - 4)?
3
Let l = -40 - -51. What is the tens digit of l?
1
Let s = 0 + -3. What is the units digit of (s + 18)/(1/2)?
0
Let g = -82 - -140. What is the units digit of g?
8
Let g(l) = l**2 - 9*l + 2. Let m be ((-27)/(-12))/(1/4). Let j be g(m). Suppose 3*x + s = 22, j*s = 2*x + 4*s - 20. What is the units digit of x?
6
Suppose 0 = -53*m + 58*m - 60. What is the units digit of m?
2
Suppose z - 2 = -3*u - 4, 4*z + u - 14 = 0. Suppose -z*m + 26 = -38. Suppose -3*n = -5*n + m. What is the units digit of n?
8
Suppose 0 = -2*f + 6*g - 2*g + 146, -119 = -2*f - 5*g. What is the units digit of f?
7
Suppose 41*m - 35*m - 438 = 0. What is the units digit of m?
3
Let z = -9 - -13. Suppose -2*i + z = -0*i. Suppose 3*d = -0*d + i*m + 22, 0 = 5*d + 4*m. What is the units digit of d?
4
Suppose -3*n + p + 87 = 0, -5*n - p + 149 = -4*p. What is the tens digit of n?
2
What is the units digit of 159*4/(16 - 4)?
3
Suppose 17*s - 7*s - 2530 = 0. What is the units digit of s?
3
Let m(h) = h**2 - 5*h - 4. Let g = 19 - 11. What is the units digit of m(g)?
0
Let r(u) = -6*u - 10. What is the units digit of r(-11)?
6
What is the units digit of -28*(0 - 13/4)?
1
Let n be 2 - (-2 + -2 + 6). Suppose -4*b - 8 = 4*i, n = -i - 4*b - 23 + 6. What is the units digit of i?
3
Suppose 2*u + 9 = -3*r + 28, -4*r + 2*u + 2 = 0. What is the units digit of 4 + 0 + r/3?
5
Suppose -262 = -5*u - 47. Let i = -28 + u. What is the tens digit of i?
1
What is the tens digit of ((-5)/2)/(5/(-150))?
7
Suppose -3 = -2*t + 3. Suppose 9 = 3*x - t. Let v = x + -1. What is the units digit of v?
3
What is the units digit of (1/2)/(3/444)?
4
Let c = -8 - -13. Let o = 11 - c. Suppose -20 = -o*w + 2*w. What is the units digit of w?
5
Suppose 0*h - h + 3 = 0. Suppose -r - 2*y + 9 = 0, 3*y + 58 = h*r + r. What is the tens digit of r?
1
Let n = 62 - 14. What is the units digit of n?
8
Suppose -25 = -5*o - 5*y, -y + 2*y = -4*o + 20. Suppose o*v - b - 29 = 0, 0 = -2*v - b + 4*b + 9. What is the units digit of v?
6
Let f(s) = s**2 + 12*s + 14. Let p be f(-10). Let b(q) = -q**3 - 7*q**2 - 6*q + 6. What is the units digit of b(p)?
6
What is the tens digit of (1 - 3)/(((-5)/790)/1)?
1
Let i be (-38)/(-12) - 1/6. Suppose -i*w + 18 = -w. What is the units digit of w?
9
Let y(p) = 4*p**2 + 6*p + 2. What is the tens digit of y(-4)?
4
Let t = 20 + -13. Let w = t - 1. Let y(f) = -f**3 + 7*f**2 - 5*f - 3. What is the units digit of y(w)?
3
Let t(r) = r**3 + 10*r**2 + 8*r - 4. Let y be t(-9). Suppose y*p = -5, j + p + 45 = 5*j. What is the tens digit of j?
1
Suppose -9*o + 768 = -897. What is the units digit of o?
5
Let t(l) = 2*l**2 - 10*l + 1. What is the units digit of t(-7)?
9
Let p(f) = f**2 + 2*f - 1. Let o be p(-2). Let b(j) = -j**3 - j**2 - j. What is the units digit of b(o)?
1
Let z(w) = 3*w - 3. Let n = 6 + -3. Let o = n - -2. What is the units digit of z(o)?
2
Let n(s) = 2*s**2 + 6*s + 7. Let i = 13 - 18. What is the units digit of n(i)?
7
Let k(i) = i**3 + 11*i**2 - 16*i - 18. Let o be k(-12). Suppose o = 5*b - 5*j, -b + j = -j - 5. What is the units digit of b?
7
Let x(y) = -y - 2. Let l be x(-4). Let d = -7 + 8. What is the units digit of ((-14)/(-4))/(d/l)?
7
Suppose 37 = 4*s - 67. Let r = -20 + s. What is the units digit of r?
6
Let r be 8 + 2/3*-3. Suppose r*p - 96 = 3*p. What is the tens digit of p?
3
Suppose -p = -2*x - 253, 6*p - 2*x + 506 = 8*p. What is the units digit of p?
3
Let y(c) = -c**2 - 7*c + 7. Let f(d) = 8*d - 8. Let p(l) = 6*f(l) + 7*y(l). Let s be p(1). What is the units digit of (-1 - s/(-2))*-2?
9
Suppose 2*g = 5*f - 458, -6*f + 5*g = -3*f - 290. What is the tens digit of f?
9
Let w(i) = -4*i**2 + 3*i + 2. Let p be w(-2). Let u = 30 + p. What is the units digit of u?
0
Suppose 5*z + 5*s = 295, 2*s - 2 = -0. What is the tens digit of z?
5
Let r(l) = l**2 + 2*l - 5. Let d be r(-4). Suppose -2*o = 5*y - 6 - 0, 3*y - d*o = -9. Suppose -3*t + y*t + 24 = 0. What is the units digit of t?
8
Suppose -5*p + 6*w = 4*w - 142, -79 = -3*p - 5*w. What is the tens digit of p?
2
What is the tens digit of 11 - (-4 - (4 - 6))?
1
Let z(h) = -4*h + 3 + 3*h + 0. Let v(s) = -s**2 - 5. Let b be v(0). What is the units digit of z(b)?
8
Suppose -4*u + 126 = -5*w + 6*w, 0 = 2*u - 4*w - 54. Let h = -19 + u. What is the tens digit of h?
1
What is the units digit of 8/(-36) + 452/9?
0
Suppose -3*w = 4 - 1, 3*m + 4*w = 98. What is the units digit of (m/4)/(1/2)?
7
Let x(d) = d - 4. Let q be x(9). Suppose s + q*g - 27 = -2, 4*g + 28 = 4*s. What is the tens digit of s?
1
Let a(h) = 2*h**3 - 6*h**2 